9590107
List the prime factors of 1795907.
79, 127, 179
List the prime factors of 71181752.
2, 19, 227, 2063
What are the prime factors of 2831142252?
2, 3, 235928521
What are the prime factors of 435884724?
2, 3, 11, 467, 2357
List the prime factors of 1910451.
3, 636817
List the prime factors of 368366672.
2, 37, 622241
What are the prime factors of 35923977?
3, 83, 48091
What are the prime factors of 120789114?
2, 3, 17, 1184207
List the prime factors of 7671627294.
2, 3, 1278604549
List the prime factors of 1078842005.
5, 31, 6960271
What are the prime factors of 64484451?
3, 17, 37, 3797
What are the prime factors of 175321172?
2, 13, 3371561
List the prime factors of 95098395.
3, 5, 7, 29, 31231
List the prime factors of 350350878.
2, 3, 47, 1242379
List the prime factors of 196076390.
2, 5, 19, 1031981
What are the prime factors of 19199762?
2, 9599881
What are the prime factors of 366897037?
13, 28222849
List the prime factors of 253687962.
2, 3, 11, 19, 101, 2003
What are the prime factors of 42377446?
2, 43, 492761
What are the prime factors of 340112147?
101, 3367447
List the prime factors of 401675142.
2, 3, 11, 6085987
List the prime factors of 7387725.
3, 5, 137, 719
What are the prime factors of 512717930?
2, 5, 4283, 11971
List the prime factors of 19942358.
2, 9971179
List the prime factors of 32974820.
2, 5, 397, 4153
List the prime factors of 16128852.
2, 3, 17, 79063
What are the prime factors of 728646278?
2, 1223, 297893
List the prime factors of 57341898.
2, 3, 23, 137, 337
What are the prime factors of 13506651?
3, 1500739
What are the prime factors of 48381634?
2, 7, 223, 15497
What are the prime factors of 47042297?
47042297
What are the prime factors of 112926709?
7, 19, 151, 5623
List the prime factors of 1507896152.
2, 7, 487, 55291
What are the prime factors of 3172666442?
2, 11, 144212111
List the prime factors of 1927575102.
2, 3, 31, 101, 102607
What are the prime factors of 2977779312?
2, 3, 20679023
What are the prime factors of 59396112?
2, 3, 137491
List the prime factors of 264515211.
3, 29390579
What are the prime factors of 84359963?
37, 383, 5953
What are the prime factors of 103015544?
2, 12876943
What are the prime factors of 114391985?
5, 257, 89021
What are the prime factors of 7205786762?
2, 3602893381
What are the prime factors of 9227735?
5, 11, 167777
What are the prime factors of 58369609?
37, 41, 109, 353
List the prime factors of 85136670.
2, 3, 5, 105107
List the prime factors of 458573021.
19699, 23279
What are the prime factors of 389414077?
13, 1597, 18757
List the prime factors of 2997202121.
61, 49134461
What are the prime factors of 3205383300?
2, 3, 5, 7, 181, 937
What are the prime factors of 42759057?
3, 11, 101, 12829
List the prime factors of 56354898.
2, 3, 17, 569, 971
List the prime factors of 131032498.
2, 17, 29, 132893
What are the prime factors of 40199646?
2, 3, 6699941
List the prime factors of 687170355.
3, 5, 45811357
List the prime factors of 4038110.
2, 5, 23, 97, 181
What are the prime factors of 13876304?
2, 13, 66713
What are the prime factors of 182481458?
2, 73, 1249873
List the prime factors of 3359330462.
2, 523, 1033, 3109
List the prime factors of 5883016.
2, 281, 2617
List the prime factors of 131518776.
2, 3, 197, 27817
List the prime factors of 311565668.
2, 77891417
List the prime factors of 1214517853.
3673, 330661
What are the prime factors of 26936583?
3, 229, 39209
What are the prime factors of 1508514955?
5, 4153, 72647
List the prime factors of 194946975.
3, 5, 866431
What are the prime factors of 568526551?
19949, 28499
List the prime factors of 82734041.
13, 2351, 2707
List the prime factors of 341046399.
3, 199, 571267
List the prime factors of 4183173038.
2, 11, 19, 421, 2161
What are the prime factors of 7257602369?
6121, 1185689
What are the prime factors of 601915013?
7, 85987859
What are the prime factors of 149054652?
2, 3, 787, 5261
List the prime factors of 108575202.
2, 3, 101, 179167
What are the prime factors of 3474628161?
3, 373, 3105119
List the prime factors of 87161556.
2, 3, 7263463
What are the prime factors of 54303924?
2, 3, 71, 63737
What are the prime factors of 6932438?
2, 101, 34319
List the prime factors of 67171469.
67171469
List the prime factors of 67799129.
29, 2337901
List the prime factors of 1789592580.
2, 3, 5, 9942181
What are the prime factors of 45528209?
45528209
What are the prime factors of 875141918?
2, 7, 62510137
List the prime factors of 1219010011.
911, 1338101
What are the prime factors of 1210096492?
2, 11, 3623, 7591
List the prime factors of 275083490.
2, 5, 11, 2500759
List the prime factors of 316809073.
7, 1433, 31583
List the prime factors of 194882905.
5, 7, 19, 227, 1291
What are the prime factors of 32720151?
3, 1259, 8663
What are the prime factors of 89517747?
3, 11, 2712659
What are the prime factors of 2462074462?
2, 89, 13831879
What are the prime factors of 348273789?
3, 29, 4003147
What are the prime factors of 544823744?
2, 41, 397, 523
What are the prime factors of 310559643?
3, 31, 11969
What are the prime factors of 103255876?
2, 41, 629609
List the prime factors of 2993033897.
7, 71, 131, 45971
List the prime factors of 429322377.
3, 11, 13009769
What are the prime factors of 248739812?
2, 53, 1173301
What are the prime factors of 43197027?
3, 59, 109, 2239
List the prime factors of 4025044865.
5, 17, 79, 373, 1607
What are the prime factors of 40011062?
2, 7, 13, 191, 1151
List the prime factors of 2847272784.
2, 3, 47, 53, 23813
What are the prime factors of 6235771?
6235771
List the prime factors of 736069917.
3, 11, 22305149
What are the prime factors of 21624588?
2, 3, 461, 1303
What are the prime factors of 127017936?
2, 3, 294023
What are the prime factors of 148674208?
2, 23, 79, 2557
What are the prime factors of 224561413?
29, 7743497
What are the prime factors of 4152896406?
2, 3, 47, 545429
List the prime factors of 1160004092.
2, 13, 22307771
What are the prime factors of 1598378599?
67, 23856397
List the prime factors of 1274806113.
3, 7, 139, 436727
What are the prime factors of 1126564280?
2, 5, 28164107
List the prime factors of 1654638236.
2, 2609, 158551
What are the prime factors of 49989911?
17, 1409, 2087
List the prime factors of 52088888.
2, 6511111
What are the prime factors of 3645611410?
2, 5, 7, 17, 3063539
List the prime factors of 1264235277.
3, 17, 37, 669971
What are the prime factors of 632648798?
2, 316324399
List the prime factors of 581722462.
2, 2617, 111143
What are the prime factors of 35800681?
7, 1033, 4951
List the prime factors of 502783233.
3, 167594411
What are the prime factors of 1455095332?
2, 363773833
What are the prime factors of 484939?
7, 13, 73
What are the prime factors of 734717050?
2, 5, 17, 31, 27883
List the prime factors of 895154661.
3, 99461629
List the prime factors of 2495104059.
3, 7, 17, 29, 34429
List the prime factors of 76730348.
2, 151, 127037
List the prime factors of 1145488758.
2, 3, 19, 10048147
List the prime factors of 72931010.
2, 5, 43, 169607
What are the prime factors of 69986685?
3, 5, 31, 59, 2551
List the prime factors of 4355219418.
2, 3, 11, 23, 2869051
List the prime factors of 23580707.
53, 59, 7541
What are the prime factors of 4520889721?
29, 47, 3316867
List the prime factors of 3113467489.
11, 107, 2645257
What are the prime factors of 546166580?
2, 5, 67, 407587
What are the prime factors of 794584420?
2, 5, 7, 17, 563, 593
What are the prime factors of 157952028?
2, 3, 13, 1012513
What are the prime factors of 3327963249?
3, 13, 3853, 22147
What are the prime factors of 605679256?
2, 7, 13, 127, 6551
What are the prime factors of 145152709?
13, 173, 233, 277
What are the prime factors of 3189430874?
2, 7, 83, 392111
What are the prime factors of 53390168?
2, 13, 513367
List the prime factors of 109206206.
2, 41, 1331783
What are the prime factors of 52026892?
2, 13006723
What are the prime factors of 75156755?
5, 23, 653537
List the prime factors of 3421996794.
2, 3, 109, 193793
List the prime factors of 408570516.
2, 3, 59, 149, 1291
What are the prime factors of 107588536?
2, 11, 1222597
List the prime factors of 45727674.
2, 3, 61, 103, 1213
What are the prime factors of 16633164?
